 275022. List the prime factors of g.
2, 3, 29
Let h = -1979 - -4322. Suppose -3*p = 3*a - h, -2*p - 5*a - 2375 = -5*p. List the prime factors of p.
5, 157
Let d be 2/((8/(-10))/((-140)/50)). Suppose -d*y + 3*y = 0. Suppose 3*c + 6*c - 243 = y. What are the prime factors of c?
3
Suppose 72 = p + p. Suppose y = x + 14, x = -x + 4*y - p. What are the prime factors of (-938)/x - 6/(-30)?
2, 47
Let d be 4/(-18) + 29/9. Suppose -d*m + 5*g + 893 = 7*g, 3*m - 890 = g. List the prime factors of m.
3, 11
Suppose -2*t - 427 = -421, -4*t = -3*x + 37728. What are the prime factors of x?
2, 7, 449
Let c(y) = y**3 - 20*y**2 - y + 23. Let z be c(20). Suppose z + 7 = 5*v. Suppose 4*j - 2*w = 136, 3 = -5*j - v*w + 173. List the prime factors of j.
2, 17
Let f be (-184)/(-69) - 4/6. Suppose -f*n = -257 - 355. Let x = n - 188. What are the prime factors of x?
2, 59
Suppose 329862 + 1540992 = -41*u + 79*u. What are the prime factors of u?
3, 16411
Let f = -3630 - -9876. What are the prime factors of f?
2, 3, 347
Suppose -19*x + 611887 - 167261 = -234054. List the prime factors of x.
2, 5, 19, 47
Let z(l) be the first derivative of 61*l**2/2 - 169*l + 5. List the prime factors of z(12).
563
Suppose 36*p + 608010 = 59*p - 100114. List the prime factors of p.
2, 43, 179
Let p = 23156 - 6150. List the prime factors of p.
2, 11, 773
What are the prime factors of ((-2)/(-6))/((-11)/(-27621))*3?
3, 31
Let w be -3 - (-6757)/4 - (-13)/(-52). Suppose -94*f = -96*f + w. List the prime factors of f.
3, 281
Let b(w) = 15626*w + 6. Let c be b(1). Suppose 8*q = c - 5096. List the prime factors of q.
3, 439
Let l be (-7)/(-28) + 2/(-8). Let t be 9 + -2 + 1 + l/2. Let w = t + -3. List the prime factors of w.
5
Suppose 4*r - 1336 = -4*f, 2*f - 633 = 10*r - 5*r. Let s = f - 89. What are the prime factors of s?
2, 3, 5
Suppose 3*m + 3*n - 27 - 45 = 0, -5*m = -5*n - 100. Suppose 0 = -2*k + k - z + m, 5*k - 98 = -z. Let d = 137 - k. List the prime factors of d.
2, 59
List the prime factors of (-18)/15 + (-27)/(-35) + (-3503250)/(-70).
2, 3, 19, 439
Let r = 16385 - 10626. Suppose 8*a - 21*a = -r. What are the prime factors of a?
443
Let y = 496 - -1505. List the prime factors of y.
3, 23, 29
Let d(j) = -1615*j - 489. What are the prime factors of d(-7)?
2, 13
Suppose 9*r = 69*r + 14*r - 738742. What are the prime factors of r?
67, 149
Let p(x) = 3*x**3 - 74*x**2 + 246*x - 125. List the prime factors of p(31).
2, 5, 7, 23
Suppose 3*v + 8358 = 4*i + v, 5*i - 10441 = -4*v. Suppose 5*f + 3428 = 3*r - 2867, -4*f - i = -r. What are the prime factors of r?
5, 421
Let x(j) = -j**2 - 24*j - 21. Let i be x(-23). List the prime factors of 122/i - (-2)/(-1 + 3).
2, 31
Suppose -3*y + 6*y = 5*h - 6, -h = -5*y + 12. Suppose -10*n = y*s - 7*n - 1350, 0 = -4*s + n + 1790. What are the prime factors of s?
2, 7
Let p(b) = -b**3 + 21*b**2 - 5*b + 23. Let d be ((-3)/8*18)/(105/(-280)). List the prime factors of p(d).
5, 181
Let d(g) = 3*g**3 - 3*g**2 + g - 2. Let n be d(4). Let f be 16/6*513/342. Let i = f + n. List the prime factors of i.
2, 3, 5
Let y(s) = s**3 - 6*s**2 + 3*s + 7. Let k be (2 + -3)*(-10 - -5). Let n be y(k). List the prime factors of n*5*(-1 - 1).
2, 3, 5
Suppose -63*x = -104*x + 342*x - 1169084. List the prime factors of x.
2, 971
Let u = -308 - -302. Let k = u + 171. What are the prime factors of k?
3, 5, 11
Suppose -5*u = -5*s - 5610 - 19785, 0 = 5*u + 3*s - 25427. Suppose 17*c + u = 34*c. List the prime factors of c.
13, 23
Suppose 4*g = -4*i + 23840, -4*g = 4*i - 3*i - 5948. What are the prime factors of i?
2, 3, 7, 71
Let p be 75/6*108/135 - 0. Let r = -4 + 24. What are the prime factors of (-1 + p)/(((-12)/r)/(-3))?
3, 5
Suppose 4*f - 25*f = -1155. Suppose 0 = -f*x + 36*x + 10260. List the prime factors of x.
2, 3, 5
Let m be 0 + (3 - 1) - 1. Let z(x) = 5 + 16*x - 1 - m. What are the prime factors of z(1)?
19
Let x(h) = -h**3 - 40*h**2 + 126*h + 1044. What are the prime factors of x(-52)?
2, 3, 5, 449
Suppose -9*g + 11229 = -17463. List the prime factors of 2/10 - g/(-10).
11, 29
Suppose 4*c - 77 = -3*c. Suppose -7*r = -c*r + 20. Suppose 408 - 1593 = -r*s. List the prime factors of s.
3, 79
Suppose 5*h - 24 = -h. Suppose g - k - 1046 = 0, -h*k + 9*k = -10. Suppose 2*t - 5*y = 498, -3*t + g = t + 2*y. List the prime factors of t.
7, 37
Let u = -202 + 202. Suppose u = 5*w + 104 - 1164. List the prime factors of w.
2, 53
Let n(v) be the third derivative of 5*v**4/8 + 20*v**3 + 34*v**2. Let i(t) = -8*t - 61. Let f(o) = 11*i(o) + 6*n(o). What are the prime factors of f(-7)?
5, 7
Suppose 3*s = 6, -2*s - 1518 = 4*i - 5*s. Let d = 789 + i. List the prime factors of d.
3, 137
Let o(q) = -33*q**3 - q**2 + 2*q + 3. Let p be o(-1). Let u = -30 + p. Suppose 5*m + d - 258 = 0, u*m - m + 2*d - 100 = 0. What are the prime factors of m?
2, 13
Let m(x) = 22*x**3 + 2*x**2 + 3*x + 17680. What are the prime factors of m(0)?
2, 5, 13, 17
Let j(d) = -93*d - 5*d + 17*d + 217 - 41. List the prime factors of j(-15).
13, 107
Suppose -v + 736 = 34. Suppose -222*i = -217*i + 2230. Let o = i + v. List the prime factors of o.
2
Suppose -3*u = -66 + 45, 2*u + 58550 = 2*x. List the prime factors of x.
2, 11
Let u be (-3726)/(-8) + (8 - 9)/(-4). Suppose 1862 - u = 4*z. List the prime factors of z.
349
Suppose 0 = 41*g - 35*g - 3546. Suppose -d - 117 = -g. What are the prime factors of d?
2, 3, 79
Let s = 99 + 24793. List the prime factors of s.
2, 7, 127
List the prime factors of (-141046)/(-10) - (34/(-35) - (-280)/490).
5, 7, 13, 31
Suppose 4*j = 2*j + 20. Let m(k) be the third derivative of -k**5/60 + 5*k**4/8 - 3*k**3 - 572*k**2. What are the prime factors of m(j)?
2
Let a = -409 - -484. Let b = a + -69. List the prime factors of b.
2, 3
Let q(a) = 14*a**2 - 28. Let l(c) = 15*c - 70. Let d be l(5). List the prime factors of q(d).
2, 7, 23
Let r(p) = 2*p**2 + p + 666. Let k(z) = -6*z**2 - 5*z + 1. Let d be k(-1). List the prime factors of r(d).
2, 3, 37
Suppose -j - 311 + 13 = 0. Let c = -24 - j. Suppose -6*q + c - 10 = 0. List the prime factors of q.
2, 11
Let r(d) be the third derivative of -d**5/30 - d**4/4 - d**3 - 19*d**2. Let n be r(-3). Let g(z) = -z**3 - 5*z**2 + 4*z + 5. List the prime factors of g(n).
17
Suppose 0 = 175*i - 120*i - 7205. What are the prime factors of i?
131
Suppose 3*g = -21*g - 2*g. Let i be 86/18 - 2/(-9). Suppose -i*t = -g*t - 240. What are the prime factors of t?
2, 3
Suppose 19675 = i + 2*i - 4*d, -2*i = -2*d - 13112. List the prime factors of i.
3, 37, 59
Let k(i) = 213*i**2 + 128*i - 1508. List the prime factors of k(17).
5, 19, 131
Let n(t) = 21*t**3 - 4*t + 1. Let l(d) = d**3. Let b(q) = -4*l(q) - n(q). Let z be b(-2). Let i = -103 + z. What are the prime factors of i?
2, 11
Let w(f) = 238 + 3*f + 3*f + 29. What are the prime factors of w(0)?
3, 89
Let f = 2909 - -4334. List the prime factors of f.
7243
Suppose 5*s + d + 4 = 0, 16*d + 12 = 5*s + 13*d. Suppose s = -5*u + u + 3316. List the prime factors of u.
829
Suppose 0 = 170*b - 330010 + 25427 - 75027. List the prime factors of b.
7, 11, 29
Let z = 352 + -382. What are the prime factors of z/60*(-898)/1?
449
Suppose -y + 5*z + 89 = 0, 2*y - z - 67 = 66. Let h = -45 + y. Let a = 30 + h. List the prime factors of a.
7
Let a be (-8)/(-4)*(-2 + 12). Let v be a/5 + 0 + 0. Suppose v*k + 2*q + 576 = 9*k, q = 4*k - 459. What are the prime factors of k?
2, 3, 19
Let a(r) = -485*r + 4126. List the prime factors of a(-15).
13, 877
Suppose b + b = -k + 1418, 4*b = -3*k + 2840. Let t = b + -384. List the prime factors of t.
17, 19
Suppose -5*j - 15148 = 3*t - 154261, 0 = -24*t + 5*j + 1112634. List the prime factors of t.
7, 37, 179
Let b be 95 + (-21 - -27) + -5 + 1. Suppose b*f + 3085 = 102*f. List the prime factors of f.
617
Let r(h) = 2 - h**3 - 16*h**2 + 5 - 2 + 20*h. What are the prime factors of r(-18)?
293
Suppose -3*g = 3*g - 486. Let i = 146 - g. Suppose 3*l - 79 = i. What are the prime factors of l?
2, 3
List the prime factors of (-15*16/320)/((-1)/51196).
3, 12799
Let m(j) = 5*j**3 + 2*j**2 + 3*j + 2. Let c be m(-1). Let v be ((3 + -15)/c - 1) + 2. Suppose v*b = 200 + 360. List the prime factors of b.
2, 5, 7
Suppose 1188 = 5*i - 2*n - 3746, -5*n = i - 976. Suppose -2*s - i = 3*p - 4*s, -p - 328 = -s. List the prime fa